{"id":8306,"date":"2020-07-02T12:39:08","date_gmt":"2020-07-02T10:39:08","guid":{"rendered":"http:\/\/zivic-elektro.com\/?post_type=product&#038;p=8306"},"modified":"2025-05-08T19:36:11","modified_gmt":"2025-05-08T17:36:11","slug":"m-s-sklopka-sa-kucistem-16-25-a-mt","status":"publish","type":"product","link":"https:\/\/zivic-elektro.com\/?product=m-s-sklopka-sa-kucistem-16-25-a-mt","title":{"rendered":"M.S. SKLOPKA SA KU\u0106I\u0160TEM 1,6-2,5 A MT"},"content":{"rendered":"<p><img loading=\"lazy\" decoding=\"async\" class=\"alignnone size-full wp-image-8292\" src=\"https:\/\/zivic-elektro.com\/wp-content\/uploads\/2020\/02\/MS_Sklopka_6-10A_GV2ME.jpg\" alt=\"\" width=\"250\" height=\"250\" srcset=\"https:\/\/zivic-elektro.com\/wp-content\/uploads\/2020\/02\/MS_Sklopka_6-10A_GV2ME.jpg 250w, https:\/\/zivic-elektro.com\/wp-content\/uploads\/2020\/02\/MS_Sklopka_6-10A_GV2ME-150x150.jpg 150w, https:\/\/zivic-elektro.com\/wp-content\/uploads\/2020\/02\/MS_Sklopka_6-10A_GV2ME-145x145.jpg 145w, https:\/\/zivic-elektro.com\/wp-content\/uploads\/2020\/02\/MS_Sklopka_6-10A_GV2ME-50x50.jpg 50w, https:\/\/zivic-elektro.com\/wp-content\/uploads\/2020\/02\/MS_Sklopka_6-10A_GV2ME-100x100.jpg 100w\" sizes=\"auto, (max-width: 250px) 100vw, 250px\" \/><\/p>\n","protected":false},"excerpt":{"rendered":"<p lang=\"zxx\">\u0160ifra artikla: 9100199<\/p>\n<p lang=\"zxx\"><span style=\"color: #333333;\"><span style=\"font-family: Trebuchet MS, Arial, Helvetica, sans-serif;\"><span style=\"font-size: small;\">Namjena: Motorno za\u0161titni prekida\u010di se koriste kao za\u0161titni ure\u0111aj koji obezbje\u0111uje priklju\u010denje motora izmjeni\u010dne struje uz istovremenu vi\u0161estruku za\u0161titu: od preoptere\u0107enja, pri kratkim spojevima, nedozvoljenih padova napona i termi\u010dku za\u0161titu.<\/span><\/span><\/span><\/p>\n<p lang=\"zxx\"><strong><span style=\"color: #333333;\"><span style=\"font-family: inherit;\"><span style=\"font-size: small;\"><b>GV2 motorno za\u0161titna sklopka\u00a0<\/b><\/span><\/span><\/span><\/strong><span style=\"color: #333333;\"><span style=\"font-family: Trebuchet MS, Arial, Helvetica, sans-serif;\"><span style=\"font-size: small;\">je ure\u0111aj koji u svom ku\u0107i\u0161tu sadr\u017ei motorno za\u0161titni prekida\u010d koji se koristi za za\u0161titu i pu\u0161tanje u rad monofaznih ili trofaznih motora. Dodatkom pomo\u0107nih kontakata sa prednje odnosno bo\u010dne strane se pro\u0161iruje funkcionalnost ure\u0111aja od signalizacije gre\u0161ke do implementacije u automatizovani <\/span><\/span><\/span><span style=\"color: #333333;\"><span style=\"font-family: Trebuchet MS, Arial, Helvetica, sans-serif;\"><span style=\"font-size: small;\">sustav<\/span><\/span><\/span><span style=\"color: #333333;\"><span style=\"font-family: Trebuchet MS, Arial, Helvetica, sans-serif;\"><span style=\"font-size: small;\"> za izvr\u0161avanje procesa. Priklju\u010denjem podnaponske odnosno prenaponske za\u0161tite vr\u0161i se dodatna za\u0161tita potro\u0161a\u010da od podnapona odnosno prenapona.<\/span><\/span><\/span><\/p>\n<p lang=\"zxx\"><span style=\"color: #333333;\"><span style=\"font-family: Trebuchet MS, Arial, Helvetica, sans-serif;\"><span style=\"font-size: small;\">Motorno za\u0161titna sklopka ima stupanj za\u0161tite IP 41 odnosno IP 55 kada se koriste odgovaraju\u0107i PG uvodnici. Ku\u0107i\u0161te i poklopac ku\u0107i\u0161ta izra\u0111eni su od kvalitetne negoru\u0107e plastike, kontaktna plo\u010da je pregledna i u svemu izra\u0111ena prema va\u017ee\u0107im tehni\u010dkim normativima. Motorna za\u0161titna sklopka slu\u017ei za uklop i isklop trofaznih optere\u0107enja, prvenstveno pojedinih elektromotora, odnosno za za\u0161titu od preoptere\u0107enja.<\/span><\/span><\/span><\/p>\n<p lang=\"zxx\"><span style=\"color: #333333;\"><span style=\"font-family: Trebuchet MS, Arial, Helvetica, sans-serif;\"><span style=\"font-size: small;\">Monta\u017ea: Na DIN \u0161inu<\/span><\/span><\/span><\/p>\n<p lang=\"zxx\"><span style=\"color: #333333;\"><span style=\"font-family: Trebuchet MS, Arial, Helvetica, sans-serif;\"><span style=\"font-size: small;\">Na\u010din monta\u017ee: okomiti pad max. kutom \u00b15\u00ba<\/span><\/span><\/span><\/p>\n<p lang=\"zxx\"><span style=\"color: #333333;\"><span style=\"font-family: Trebuchet MS, Arial, Helvetica, sans-serif;\"><span style=\"font-size: small;\">Radna temperatura okoline: -10 \u00baC \u00f7 +65 \u00baC<\/span><\/span><\/span><\/p>\n<p lang=\"zxx\"><span style=\"color: #333333;\"><span style=\"font-family: Trebuchet MS, Arial, Helvetica, sans-serif;\"><span style=\"font-size: small;\">Nominalni radni napon Ue(V): 230\/240i 400\/415, 440, 500, 690<\/span><\/span><\/span><\/p>\n<p lang=\"zxx\"><span style=\"color: #333333;\"><span style=\"font-family: Trebuchet MS, Arial, Helvetica, sans-serif;\"><span style=\"font-size: small;\">Frekvencija: 50\/60 Hz<\/span><\/span><\/span><\/p>\n<p lang=\"zxx\"><span style=\"color: #333333;\"><span style=\"font-family: Trebuchet MS, Arial, Helvetica, sans-serif;\"><span style=\"font-size: small;\">Napon izolacije: 690V<\/span><\/span><\/span><\/p>\n<p lang=\"zxx\"><span style=\"color: #333333;\"><span style=\"font-family: Trebuchet MS, Arial, Helvetica, sans-serif;\"><span style=\"font-size: small;\">Elektri\u010dni \u017eivotni vijek (broj uklju\u010denja\/isklju\u010denja) \u2265106<\/span><\/span><\/span><\/p>\n<p lang=\"zxx\"><span style=\"color: #333333;\"><span style=\"font-family: Trebuchet MS, Arial, Helvetica, sans-serif;\"><span style=\"font-size: small;\">Mehani\u010dki \u017eivotni vijek (broj uklju\u010denja\/isklju\u010denja) \u2265106<\/span><\/span><\/span><\/p>\n","protected":false},"featured_media":8292,"comment_status":"open","ping_status":"closed","template":"","meta":[],"product_brand":[],"product_cat":[209],"product_tag":[212],"class_list":{"0":"post-8306","1":"product","2":"type-product","3":"status-publish","4":"has-post-thumbnail","6":"product_cat-motorne-zastitne-sklopke-sa-kucistem","7":"product_tag-motorna","10":"first","11":"instock","12":"downloadable","13":"taxable","14":"shipping-taxable","15":"purchasable","16":"product-type-simple"},"yoast_head":"<!-- This site is optimized with the Yoast SEO plugin v27.4 - https:\/\/yoast.com\/product\/yoast-seo-wordpress\/ -->\n<title>M.S. SKLOPKA SA KU\u0106I\u0160TEM 1,6-2,5 A MT - \u017divi\u0107 elektro materijal<\/title>\n<meta name=\"robots\" content=\"index, follow, max-snippet:-1, max-image-preview:large, max-video-preview:-1\" \/>\n<link rel=\"canonical\" href=\"https:\/\/zivic-elektro.com\/?product=m-s-sklopka-sa-kucistem-16-25-a-mt\" \/>\n<meta property=\"og:locale\" content=\"hr_HR\" \/>\n<meta property=\"og:type\" content=\"article\" \/>\n<meta property=\"og:title\" content=\"M.S. SKLOPKA SA KU\u0106I\u0160TEM 1,6-2,5 A MT - \u017divi\u0107 elektro materijal\" \/>\n<meta property=\"og:description\" content=\"\u0160ifra artikla: 9100199 Namjena: Motorno za\u0161titni prekida\u010di se koriste kao za\u0161titni ure\u0111aj koji obezbje\u0111uje priklju\u010denje motora izmjeni\u010dne struje uz istovremenu vi\u0161estruku za\u0161titu: od preoptere\u0107enja, pri kratkim spojevima, nedozvoljenih padova napona i termi\u010dku za\u0161titu. GV2 motorno za\u0161titna sklopka\u00a0je ure\u0111aj koji u svom ku\u0107i\u0161tu sadr\u017ei motorno za\u0161titni prekida\u010d koji se koristi za za\u0161titu i pu\u0161tanje u rad monofaznih ili trofaznih motora. Dodatkom pomo\u0107nih kontakata sa prednje odnosno bo\u010dne strane se pro\u0161iruje funkcionalnost ure\u0111aja od signalizacije gre\u0161ke do implementacije u automatizovani sustav za izvr\u0161avanje procesa. Priklju\u010denjem podnaponske odnosno prenaponske za\u0161tite vr\u0161i se dodatna za\u0161tita potro\u0161a\u010da od podnapona odnosno prenapona. Motorno za\u0161titna sklopka ima stupanj za\u0161tite IP 41 odnosno IP 55 kada se koriste odgovaraju\u0107i PG uvodnici. Ku\u0107i\u0161te i poklopac ku\u0107i\u0161ta izra\u0111eni su od kvalitetne negoru\u0107e plastike, kontaktna plo\u010da je pregledna i u svemu izra\u0111ena prema va\u017ee\u0107im tehni\u010dkim normativima. Motorna za\u0161titna sklopka slu\u017ei za uklop i isklop trofaznih optere\u0107enja, prvenstveno pojedinih elektromotora, odnosno za za\u0161titu od preoptere\u0107enja. Monta\u017ea: Na DIN \u0161inu Na\u010din monta\u017ee: okomiti pad max. kutom \u00b15\u00ba Radna temperatura okoline: -10 \u00baC \u00f7 +65 \u00baC Nominalni radni napon Ue(V): 230\/240i 400\/415, 440, 500, 690 Frekvencija: 50\/60 Hz Napon izolacije: 690V Elektri\u010dni \u017eivotni vijek (broj uklju\u010denja\/isklju\u010denja) \u2265106 Mehani\u010dki \u017eivotni vijek (broj uklju\u010denja\/isklju\u010denja) \u2265106\" \/>\n<meta property=\"og:url\" content=\"https:\/\/zivic-elektro.com\/?product=m-s-sklopka-sa-kucistem-16-25-a-mt\" \/>\n<meta property=\"og:site_name\" content=\"\u017divi\u0107 elektro materijal\" \/>\n<meta property=\"article:publisher\" content=\"https:\/\/www.facebook.com\/Zivicelektro\" \/>\n<meta property=\"article:modified_time\" content=\"2025-05-08T17:36:11+00:00\" \/>\n<meta property=\"og:image\" content=\"https:\/\/zivic-elektro.com\/wp-content\/uploads\/2020\/02\/MS_Sklopka_6-10A_GV2ME.jpg\" \/>\n\t<meta property=\"og:image:width\" content=\"250\" \/>\n\t<meta property=\"og:image:height\" content=\"250\" \/>\n\t<meta property=\"og:image:type\" content=\"image\/jpeg\" \/>\n<meta name=\"twitter:card\" content=\"summary_large_image\" \/>\n<meta name=\"twitter:label1\" content=\"Procijenjeno vrijeme \u010ditanja\" \/>\n\t<meta name=\"twitter:data1\" content=\"1 minuta\" \/>\n<script type=\"application\/ld+json\" class=\"yoast-schema-graph\">{\"@context\":\"https:\\\/\\\/schema.org\",\"@graph\":[{\"@type\":\"WebPage\",\"@id\":\"https:\\\/\\\/zivic-elektro.com\\\/?product=m-s-sklopka-sa-kucistem-16-25-a-mt\",\"url\":\"https:\\\/\\\/zivic-elektro.com\\\/?product=m-s-sklopka-sa-kucistem-16-25-a-mt\",\"name\":\"M.S. SKLOPKA SA KU\u0106I\u0160TEM 1,6-2,5 A MT - \u017divi\u0107 elektro materijal\",\"isPartOf\":{\"@id\":\"https:\\\/\\\/zivic-elektro.com\\\/#website\"},\"primaryImageOfPage\":{\"@id\":\"https:\\\/\\\/zivic-elektro.com\\\/?product=m-s-sklopka-sa-kucistem-16-25-a-mt#primaryimage\"},\"image\":{\"@id\":\"https:\\\/\\\/zivic-elektro.com\\\/?product=m-s-sklopka-sa-kucistem-16-25-a-mt#primaryimage\"},\"thumbnailUrl\":\"https:\\\/\\\/zivic-elektro.com\\\/wp-content\\\/uploads\\\/2020\\\/02\\\/MS_Sklopka_6-10A_GV2ME.jpg\",\"datePublished\":\"2020-07-02T10:39:08+00:00\",\"dateModified\":\"2025-05-08T17:36:11+00:00\",\"breadcrumb\":{\"@id\":\"https:\\\/\\\/zivic-elektro.com\\\/?product=m-s-sklopka-sa-kucistem-16-25-a-mt#breadcrumb\"},\"inLanguage\":\"hr\",\"potentialAction\":[{\"@type\":\"ReadAction\",\"target\":[\"https:\\\/\\\/zivic-elektro.com\\\/?product=m-s-sklopka-sa-kucistem-16-25-a-mt\"]}]},{\"@type\":\"ImageObject\",\"inLanguage\":\"hr\",\"@id\":\"https:\\\/\\\/zivic-elektro.com\\\/?product=m-s-sklopka-sa-kucistem-16-25-a-mt#primaryimage\",\"url\":\"https:\\\/\\\/zivic-elektro.com\\\/wp-content\\\/uploads\\\/2020\\\/02\\\/MS_Sklopka_6-10A_GV2ME.jpg\",\"contentUrl\":\"https:\\\/\\\/zivic-elektro.com\\\/wp-content\\\/uploads\\\/2020\\\/02\\\/MS_Sklopka_6-10A_GV2ME.jpg\",\"width\":250,\"height\":250},{\"@type\":\"BreadcrumbList\",\"@id\":\"https:\\\/\\\/zivic-elektro.com\\\/?product=m-s-sklopka-sa-kucistem-16-25-a-mt#breadcrumb\",\"itemListElement\":[{\"@type\":\"ListItem\",\"position\":1,\"name\":\"Home\",\"item\":\"https:\\\/\\\/zivic-elektro.com\\\/\"},{\"@type\":\"ListItem\",\"position\":2,\"name\":\"Trgovina\",\"item\":\"https:\\\/\\\/zivic-elektro.com\\\/?page_id=7\"},{\"@type\":\"ListItem\",\"position\":3,\"name\":\"M.S. SKLOPKA SA KU\u0106I\u0160TEM 1,6-2,5 A MT\"}]},{\"@type\":\"WebSite\",\"@id\":\"https:\\\/\\\/zivic-elektro.com\\\/#website\",\"url\":\"https:\\\/\\\/zivic-elektro.com\\\/\",\"name\":\"\u017divi\u0107 elektro materijal\",\"description\":\"\",\"publisher\":{\"@id\":\"https:\\\/\\\/zivic-elektro.com\\\/#organization\"},\"potentialAction\":[{\"@type\":\"SearchAction\",\"target\":{\"@type\":\"EntryPoint\",\"urlTemplate\":\"https:\\\/\\\/zivic-elektro.com\\\/?s={search_term_string}\"},\"query-input\":{\"@type\":\"PropertyValueSpecification\",\"valueRequired\":true,\"valueName\":\"search_term_string\"}}],\"inLanguage\":\"hr\"},{\"@type\":\"Organization\",\"@id\":\"https:\\\/\\\/zivic-elektro.com\\\/#organization\",\"name\":\"\u017divi\u0107 elektro materijal\",\"url\":\"https:\\\/\\\/zivic-elektro.com\\\/\",\"logo\":{\"@type\":\"ImageObject\",\"inLanguage\":\"hr\",\"@id\":\"https:\\\/\\\/zivic-elektro.com\\\/#\\\/schema\\\/logo\\\/image\\\/\",\"url\":\"https:\\\/\\\/zivic-elektro.com\\\/wp-content\\\/uploads\\\/2018\\\/01\\\/Logo.jpg\",\"contentUrl\":\"https:\\\/\\\/zivic-elektro.com\\\/wp-content\\\/uploads\\\/2018\\\/01\\\/Logo.jpg\",\"width\":220,\"height\":83,\"caption\":\"\u017divi\u0107 elektro materijal\"},\"image\":{\"@id\":\"https:\\\/\\\/zivic-elektro.com\\\/#\\\/schema\\\/logo\\\/image\\\/\"},\"sameAs\":[\"https:\\\/\\\/www.facebook.com\\\/Zivicelektro\"]}]}<\/script>\n<!-- \/ Yoast SEO plugin. -->","yoast_head_json":{"title":"M.S. SKLOPKA SA KU\u0106I\u0160TEM 1,6-2,5 A MT - \u017divi\u0107 elektro materijal","robots":{"index":"index","follow":"follow","max-snippet":"max-snippet:-1","max-image-preview":"max-image-preview:large","max-video-preview":"max-video-preview:-1"},"canonical":"https:\/\/zivic-elektro.com\/?product=m-s-sklopka-sa-kucistem-16-25-a-mt","og_locale":"hr_HR","og_type":"article","og_title":"M.S. SKLOPKA SA KU\u0106I\u0160TEM 1,6-2,5 A MT - \u017divi\u0107 elektro materijal","og_description":"\u0160ifra artikla: 9100199 Namjena: Motorno za\u0161titni prekida\u010di se koriste kao za\u0161titni ure\u0111aj koji obezbje\u0111uje priklju\u010denje motora izmjeni\u010dne struje uz istovremenu vi\u0161estruku za\u0161titu: od preoptere\u0107enja, pri kratkim spojevima, nedozvoljenih padova napona i termi\u010dku za\u0161titu. GV2 motorno za\u0161titna sklopka\u00a0je ure\u0111aj koji u svom ku\u0107i\u0161tu sadr\u017ei motorno za\u0161titni prekida\u010d koji se koristi za za\u0161titu i pu\u0161tanje u rad monofaznih ili trofaznih motora. Dodatkom pomo\u0107nih kontakata sa prednje odnosno bo\u010dne strane se pro\u0161iruje funkcionalnost ure\u0111aja od signalizacije gre\u0161ke do implementacije u automatizovani sustav za izvr\u0161avanje procesa. Priklju\u010denjem podnaponske odnosno prenaponske za\u0161tite vr\u0161i se dodatna za\u0161tita potro\u0161a\u010da od podnapona odnosno prenapona. Motorno za\u0161titna sklopka ima stupanj za\u0161tite IP 41 odnosno IP 55 kada se koriste odgovaraju\u0107i PG uvodnici. Ku\u0107i\u0161te i poklopac ku\u0107i\u0161ta izra\u0111eni su od kvalitetne negoru\u0107e plastike, kontaktna plo\u010da je pregledna i u svemu izra\u0111ena prema va\u017ee\u0107im tehni\u010dkim normativima. Motorna za\u0161titna sklopka slu\u017ei za uklop i isklop trofaznih optere\u0107enja, prvenstveno pojedinih elektromotora, odnosno za za\u0161titu od preoptere\u0107enja. Monta\u017ea: Na DIN \u0161inu Na\u010din monta\u017ee: okomiti pad max. kutom \u00b15\u00ba Radna temperatura okoline: -10 \u00baC \u00f7 +65 \u00baC Nominalni radni napon Ue(V): 230\/240i 400\/415, 440, 500, 690 Frekvencija: 50\/60 Hz Napon izolacije: 690V Elektri\u010dni \u017eivotni vijek (broj uklju\u010denja\/isklju\u010denja) \u2265106 Mehani\u010dki \u017eivotni vijek (broj uklju\u010denja\/isklju\u010denja) \u2265106","og_url":"https:\/\/zivic-elektro.com\/?product=m-s-sklopka-sa-kucistem-16-25-a-mt","og_site_name":"\u017divi\u0107 elektro materijal","article_publisher":"https:\/\/www.facebook.com\/Zivicelektro","article_modified_time":"2025-05-08T17:36:11+00:00","og_image":[{"width":250,"height":250,"url":"https:\/\/zivic-elektro.com\/wp-content\/uploads\/2020\/02\/MS_Sklopka_6-10A_GV2ME.jpg","type":"image\/jpeg"}],"twitter_card":"summary_large_image","twitter_misc":{"Procijenjeno vrijeme \u010ditanja":"1 minuta"},"schema":{"@context":"https:\/\/schema.org","@graph":[{"@type":"WebPage","@id":"https:\/\/zivic-elektro.com\/?product=m-s-sklopka-sa-kucistem-16-25-a-mt","url":"https:\/\/zivic-elektro.com\/?product=m-s-sklopka-sa-kucistem-16-25-a-mt","name":"M.S. SKLOPKA SA KU\u0106I\u0160TEM 1,6-2,5 A MT - \u017divi\u0107 elektro materijal","isPartOf":{"@id":"https:\/\/zivic-elektro.com\/#website"},"primaryImageOfPage":{"@id":"https:\/\/zivic-elektro.com\/?product=m-s-sklopka-sa-kucistem-16-25-a-mt#primaryimage"},"image":{"@id":"https:\/\/zivic-elektro.com\/?product=m-s-sklopka-sa-kucistem-16-25-a-mt#primaryimage"},"thumbnailUrl":"https:\/\/zivic-elektro.com\/wp-content\/uploads\/2020\/02\/MS_Sklopka_6-10A_GV2ME.jpg","datePublished":"2020-07-02T10:39:08+00:00","dateModified":"2025-05-08T17:36:11+00:00","breadcrumb":{"@id":"https:\/\/zivic-elektro.com\/?product=m-s-sklopka-sa-kucistem-16-25-a-mt#breadcrumb"},"inLanguage":"hr","potentialAction":[{"@type":"ReadAction","target":["https:\/\/zivic-elektro.com\/?product=m-s-sklopka-sa-kucistem-16-25-a-mt"]}]},{"@type":"ImageObject","inLanguage":"hr","@id":"https:\/\/zivic-elektro.com\/?product=m-s-sklopka-sa-kucistem-16-25-a-mt#primaryimage","url":"https:\/\/zivic-elektro.com\/wp-content\/uploads\/2020\/02\/MS_Sklopka_6-10A_GV2ME.jpg","contentUrl":"https:\/\/zivic-elektro.com\/wp-content\/uploads\/2020\/02\/MS_Sklopka_6-10A_GV2ME.jpg","width":250,"height":250},{"@type":"BreadcrumbList","@id":"https:\/\/zivic-elektro.com\/?product=m-s-sklopka-sa-kucistem-16-25-a-mt#breadcrumb","itemListElement":[{"@type":"ListItem","position":1,"name":"Home","item":"https:\/\/zivic-elektro.com\/"},{"@type":"ListItem","position":2,"name":"Trgovina","item":"https:\/\/zivic-elektro.com\/?page_id=7"},{"@type":"ListItem","position":3,"name":"M.S. SKLOPKA SA KU\u0106I\u0160TEM 1,6-2,5 A MT"}]},{"@type":"WebSite","@id":"https:\/\/zivic-elektro.com\/#website","url":"https:\/\/zivic-elektro.com\/","name":"\u017divi\u0107 elektro materijal","description":"","publisher":{"@id":"https:\/\/zivic-elektro.com\/#organization"},"potentialAction":[{"@type":"SearchAction","target":{"@type":"EntryPoint","urlTemplate":"https:\/\/zivic-elektro.com\/?s={search_term_string}"},"query-input":{"@type":"PropertyValueSpecification","valueRequired":true,"valueName":"search_term_string"}}],"inLanguage":"hr"},{"@type":"Organization","@id":"https:\/\/zivic-elektro.com\/#organization","name":"\u017divi\u0107 elektro materijal","url":"https:\/\/zivic-elektro.com\/","logo":{"@type":"ImageObject","inLanguage":"hr","@id":"https:\/\/zivic-elektro.com\/#\/schema\/logo\/image\/","url":"https:\/\/zivic-elektro.com\/wp-content\/uploads\/2018\/01\/Logo.jpg","contentUrl":"https:\/\/zivic-elektro.com\/wp-content\/uploads\/2018\/01\/Logo.jpg","width":220,"height":83,"caption":"\u017divi\u0107 elektro materijal"},"image":{"@id":"https:\/\/zivic-elektro.com\/#\/schema\/logo\/image\/"},"sameAs":["https:\/\/www.facebook.com\/Zivicelektro"]}]}},"_links":{"self":[{"href":"https:\/\/zivic-elektro.com\/index.php?rest_route=\/wp\/v2\/product\/8306","targetHints":{"allow":["GET"]}}],"collection":[{"href":"https:\/\/zivic-elektro.com\/index.php?rest_route=\/wp\/v2\/product"}],"about":[{"href":"https:\/\/zivic-elektro.com\/index.php?rest_route=\/wp\/v2\/types\/product"}],"replies":[{"embeddable":true,"href":"https:\/\/zivic-elektro.com\/index.php?rest_route=%2Fwp%2Fv2%2Fcomments&post=8306"}],"wp:featuredmedia":[{"embeddable":true,"href":"https:\/\/zivic-elektro.com\/index.php?rest_route=\/wp\/v2\/media\/8292"}],"wp:attachment":[{"href":"https:\/\/zivic-elektro.com\/index.php?rest_route=%2Fwp%2Fv2%2Fmedia&parent=8306"}],"wp:term":[{"taxonomy":"product_brand","embeddable":true,"href":"https:\/\/zivic-elektro.com\/index.php?rest_route=%2Fwp%2Fv2%2Fproduct_brand&post=8306"},{"taxonomy":"product_cat","embeddable":true,"href":"https:\/\/zivic-elektro.com\/index.php?rest_route=%2Fwp%2Fv2%2Fproduct_cat&post=8306"},{"taxonomy":"product_tag","embeddable":true,"href":"https:\/\/zivic-elektro.com\/index.php?rest_route=%2Fwp%2Fv2%2Fproduct_tag&post=8306"}],"curies":[{"name":"wp","href":"https:\/\/api.w.org\/{rel}","templated":true}]}}