{"id":7551,"date":"2017-12-12T13:45:30","date_gmt":"2017-12-12T12:45:30","guid":{"rendered":"http:\/\/zivic-elektro.com\/?post_type=product&#038;p=7551"},"modified":"2025-09-03T17:54:15","modified_gmt":"2025-09-03T15:54:15","slug":"uticnica-telefonska-34-premijer","status":"publish","type":"product","link":"https:\/\/zivic-elektro.com\/?product=uticnica-telefonska-34-premijer","title":{"rendered":"Uti\u010dnica telefonska 3\/4 Premijer"},"content":{"rendered":"","protected":false},"excerpt":{"rendered":"<p>Broj artikla: 01.58.41<br \/>\nUgradnja: Ugradnja u zid u monta\u017enu kutiju O60 mm<br \/>\nStupanj za\u0161tite: IP20<br \/>\nDimenzije: 80&#215;80 mm<br \/>\nTip priklju\u010dka: vij\u010dani<br \/>\nBoja: bijela<br \/>\nPakiranje: 24 kom.<br \/>\nNapomena: Ugradjuje se sa ili bez dodatka za ugradnju na zid<\/p>\n","protected":false},"featured_media":7552,"comment_status":"open","ping_status":"closed","template":"","meta":[],"product_brand":[],"product_cat":[157,160],"product_tag":[],"class_list":{"0":"post-7551","1":"product","2":"type-product","3":"status-publish","4":"has-post-thumbnail","6":"product_cat-podzbukni-program","7":"product_cat-podzbukni-program-premijer","10":"first","11":"instock","12":"taxable","13":"shipping-taxable","14":"purchasable","15":"product-type-simple"},"yoast_head":"<!-- This site is optimized with the Yoast SEO plugin v27.3 - https:\/\/yoast.com\/product\/yoast-seo-wordpress\/ -->\n<title>Uti\u010dnica telefonska 3\/4 Premijer - \u017divi\u0107 elektro materijal<\/title>\n<meta name=\"robots\" content=\"index, follow, max-snippet:-1, max-image-preview:large, max-video-preview:-1\" \/>\n<link rel=\"canonical\" href=\"https:\/\/zivic-elektro.com\/?product=uticnica-telefonska-34-premijer\" \/>\n<meta property=\"og:locale\" content=\"hr_HR\" \/>\n<meta property=\"og:type\" content=\"article\" \/>\n<meta property=\"og:title\" content=\"Uti\u010dnica telefonska 3\/4 Premijer - \u017divi\u0107 elektro materijal\" \/>\n<meta property=\"og:description\" content=\"Broj artikla: 01.58.41 Ugradnja: Ugradnja u zid u monta\u017enu kutiju O60 mm Stupanj za\u0161tite: IP20 Dimenzije: 80x80 mm Tip priklju\u010dka: vij\u010dani Boja: bijela Pakiranje: 24 kom. Napomena: Ugradjuje se sa ili bez dodatka za ugradnju na zid\" \/>\n<meta property=\"og:url\" content=\"https:\/\/zivic-elektro.com\/?product=uticnica-telefonska-34-premijer\" \/>\n<meta property=\"og:site_name\" content=\"\u017divi\u0107 elektro materijal\" \/>\n<meta property=\"article:publisher\" content=\"https:\/\/www.facebook.com\/Zivicelektro\" \/>\n<meta property=\"article:modified_time\" content=\"2025-09-03T15:54:15+00:00\" \/>\n<meta property=\"og:image\" content=\"https:\/\/zivic-elektro.com\/wp-content\/uploads\/2017\/12\/11.58.41.jpg\" \/>\n\t<meta property=\"og:image:width\" content=\"499\" \/>\n\t<meta property=\"og:image:height\" content=\"499\" \/>\n\t<meta property=\"og:image:type\" content=\"image\/jpeg\" \/>\n<meta name=\"twitter:card\" content=\"summary_large_image\" \/>\n<script type=\"application\/ld+json\" class=\"yoast-schema-graph\">{\"@context\":\"https:\\\/\\\/schema.org\",\"@graph\":[{\"@type\":\"WebPage\",\"@id\":\"https:\\\/\\\/zivic-elektro.com\\\/?product=uticnica-telefonska-34-premijer\",\"url\":\"https:\\\/\\\/zivic-elektro.com\\\/?product=uticnica-telefonska-34-premijer\",\"name\":\"Uti\u010dnica telefonska 3\\\/4 Premijer - \u017divi\u0107 elektro materijal\",\"isPartOf\":{\"@id\":\"https:\\\/\\\/zivic-elektro.com\\\/#website\"},\"primaryImageOfPage\":{\"@id\":\"https:\\\/\\\/zivic-elektro.com\\\/?product=uticnica-telefonska-34-premijer#primaryimage\"},\"image\":{\"@id\":\"https:\\\/\\\/zivic-elektro.com\\\/?product=uticnica-telefonska-34-premijer#primaryimage\"},\"thumbnailUrl\":\"https:\\\/\\\/zivic-elektro.com\\\/wp-content\\\/uploads\\\/2017\\\/12\\\/11.58.41.jpg\",\"datePublished\":\"2017-12-12T12:45:30+00:00\",\"dateModified\":\"2025-09-03T15:54:15+00:00\",\"breadcrumb\":{\"@id\":\"https:\\\/\\\/zivic-elektro.com\\\/?product=uticnica-telefonska-34-premijer#breadcrumb\"},\"inLanguage\":\"hr\",\"potentialAction\":[{\"@type\":\"ReadAction\",\"target\":[\"https:\\\/\\\/zivic-elektro.com\\\/?product=uticnica-telefonska-34-premijer\"]}]},{\"@type\":\"ImageObject\",\"inLanguage\":\"hr\",\"@id\":\"https:\\\/\\\/zivic-elektro.com\\\/?product=uticnica-telefonska-34-premijer#primaryimage\",\"url\":\"https:\\\/\\\/zivic-elektro.com\\\/wp-content\\\/uploads\\\/2017\\\/12\\\/11.58.41.jpg\",\"contentUrl\":\"https:\\\/\\\/zivic-elektro.com\\\/wp-content\\\/uploads\\\/2017\\\/12\\\/11.58.41.jpg\",\"width\":499,\"height\":499},{\"@type\":\"BreadcrumbList\",\"@id\":\"https:\\\/\\\/zivic-elektro.com\\\/?product=uticnica-telefonska-34-premijer#breadcrumb\",\"itemListElement\":[{\"@type\":\"ListItem\",\"position\":1,\"name\":\"Home\",\"item\":\"https:\\\/\\\/zivic-elektro.com\\\/\"},{\"@type\":\"ListItem\",\"position\":2,\"name\":\"Trgovina\",\"item\":\"https:\\\/\\\/zivic-elektro.com\\\/?page_id=7\"},{\"@type\":\"ListItem\",\"position\":3,\"name\":\"Uti\u010dnica telefonska 3\\\/4 Premijer\"}]},{\"@type\":\"WebSite\",\"@id\":\"https:\\\/\\\/zivic-elektro.com\\\/#website\",\"url\":\"https:\\\/\\\/zivic-elektro.com\\\/\",\"name\":\"\u017divi\u0107 elektro materijal\",\"description\":\"\",\"publisher\":{\"@id\":\"https:\\\/\\\/zivic-elektro.com\\\/#organization\"},\"potentialAction\":[{\"@type\":\"SearchAction\",\"target\":{\"@type\":\"EntryPoint\",\"urlTemplate\":\"https:\\\/\\\/zivic-elektro.com\\\/?s={search_term_string}\"},\"query-input\":{\"@type\":\"PropertyValueSpecification\",\"valueRequired\":true,\"valueName\":\"search_term_string\"}}],\"inLanguage\":\"hr\"},{\"@type\":\"Organization\",\"@id\":\"https:\\\/\\\/zivic-elektro.com\\\/#organization\",\"name\":\"\u017divi\u0107 elektro materijal\",\"url\":\"https:\\\/\\\/zivic-elektro.com\\\/\",\"logo\":{\"@type\":\"ImageObject\",\"inLanguage\":\"hr\",\"@id\":\"https:\\\/\\\/zivic-elektro.com\\\/#\\\/schema\\\/logo\\\/image\\\/\",\"url\":\"https:\\\/\\\/zivic-elektro.com\\\/wp-content\\\/uploads\\\/2018\\\/01\\\/Logo.jpg\",\"contentUrl\":\"https:\\\/\\\/zivic-elektro.com\\\/wp-content\\\/uploads\\\/2018\\\/01\\\/Logo.jpg\",\"width\":220,\"height\":83,\"caption\":\"\u017divi\u0107 elektro materijal\"},\"image\":{\"@id\":\"https:\\\/\\\/zivic-elektro.com\\\/#\\\/schema\\\/logo\\\/image\\\/\"},\"sameAs\":[\"https:\\\/\\\/www.facebook.com\\\/Zivicelektro\"]}]}<\/script>\n<!-- \/ Yoast SEO plugin. -->","yoast_head_json":{"title":"Uti\u010dnica telefonska 3\/4 Premijer - \u017divi\u0107 elektro materijal","robots":{"index":"index","follow":"follow","max-snippet":"max-snippet:-1","max-image-preview":"max-image-preview:large","max-video-preview":"max-video-preview:-1"},"canonical":"https:\/\/zivic-elektro.com\/?product=uticnica-telefonska-34-premijer","og_locale":"hr_HR","og_type":"article","og_title":"Uti\u010dnica telefonska 3\/4 Premijer - \u017divi\u0107 elektro materijal","og_description":"Broj artikla: 01.58.41 Ugradnja: Ugradnja u zid u monta\u017enu kutiju O60 mm Stupanj za\u0161tite: IP20 Dimenzije: 80x80 mm Tip priklju\u010dka: vij\u010dani Boja: bijela Pakiranje: 24 kom. Napomena: Ugradjuje se sa ili bez dodatka za ugradnju na zid","og_url":"https:\/\/zivic-elektro.com\/?product=uticnica-telefonska-34-premijer","og_site_name":"\u017divi\u0107 elektro materijal","article_publisher":"https:\/\/www.facebook.com\/Zivicelektro","article_modified_time":"2025-09-03T15:54:15+00:00","og_image":[{"width":499,"height":499,"url":"https:\/\/zivic-elektro.com\/wp-content\/uploads\/2017\/12\/11.58.41.jpg","type":"image\/jpeg"}],"twitter_card":"summary_large_image","schema":{"@context":"https:\/\/schema.org","@graph":[{"@type":"WebPage","@id":"https:\/\/zivic-elektro.com\/?product=uticnica-telefonska-34-premijer","url":"https:\/\/zivic-elektro.com\/?product=uticnica-telefonska-34-premijer","name":"Uti\u010dnica telefonska 3\/4 Premijer - \u017divi\u0107 elektro materijal","isPartOf":{"@id":"https:\/\/zivic-elektro.com\/#website"},"primaryImageOfPage":{"@id":"https:\/\/zivic-elektro.com\/?product=uticnica-telefonska-34-premijer#primaryimage"},"image":{"@id":"https:\/\/zivic-elektro.com\/?product=uticnica-telefonska-34-premijer#primaryimage"},"thumbnailUrl":"https:\/\/zivic-elektro.com\/wp-content\/uploads\/2017\/12\/11.58.41.jpg","datePublished":"2017-12-12T12:45:30+00:00","dateModified":"2025-09-03T15:54:15+00:00","breadcrumb":{"@id":"https:\/\/zivic-elektro.com\/?product=uticnica-telefonska-34-premijer#breadcrumb"},"inLanguage":"hr","potentialAction":[{"@type":"ReadAction","target":["https:\/\/zivic-elektro.com\/?product=uticnica-telefonska-34-premijer"]}]},{"@type":"ImageObject","inLanguage":"hr","@id":"https:\/\/zivic-elektro.com\/?product=uticnica-telefonska-34-premijer#primaryimage","url":"https:\/\/zivic-elektro.com\/wp-content\/uploads\/2017\/12\/11.58.41.jpg","contentUrl":"https:\/\/zivic-elektro.com\/wp-content\/uploads\/2017\/12\/11.58.41.jpg","width":499,"height":499},{"@type":"BreadcrumbList","@id":"https:\/\/zivic-elektro.com\/?product=uticnica-telefonska-34-premijer#breadcrumb","itemListElement":[{"@type":"ListItem","position":1,"name":"Home","item":"https:\/\/zivic-elektro.com\/"},{"@type":"ListItem","position":2,"name":"Trgovina","item":"https:\/\/zivic-elektro.com\/?page_id=7"},{"@type":"ListItem","position":3,"name":"Uti\u010dnica telefonska 3\/4 Premijer"}]},{"@type":"WebSite","@id":"https:\/\/zivic-elektro.com\/#website","url":"https:\/\/zivic-elektro.com\/","name":"\u017divi\u0107 elektro materijal","description":"","publisher":{"@id":"https:\/\/zivic-elektro.com\/#organization"},"potentialAction":[{"@type":"SearchAction","target":{"@type":"EntryPoint","urlTemplate":"https:\/\/zivic-elektro.com\/?s={search_term_string}"},"query-input":{"@type":"PropertyValueSpecification","valueRequired":true,"valueName":"search_term_string"}}],"inLanguage":"hr"},{"@type":"Organization","@id":"https:\/\/zivic-elektro.com\/#organization","name":"\u017divi\u0107 elektro materijal","url":"https:\/\/zivic-elektro.com\/","logo":{"@type":"ImageObject","inLanguage":"hr","@id":"https:\/\/zivic-elektro.com\/#\/schema\/logo\/image\/","url":"https:\/\/zivic-elektro.com\/wp-content\/uploads\/2018\/01\/Logo.jpg","contentUrl":"https:\/\/zivic-elektro.com\/wp-content\/uploads\/2018\/01\/Logo.jpg","width":220,"height":83,"caption":"\u017divi\u0107 elektro materijal"},"image":{"@id":"https:\/\/zivic-elektro.com\/#\/schema\/logo\/image\/"},"sameAs":["https:\/\/www.facebook.com\/Zivicelektro"]}]}},"_links":{"self":[{"href":"https:\/\/zivic-elektro.com\/index.php?rest_route=\/wp\/v2\/product\/7551","targetHints":{"allow":["GET"]}}],"collection":[{"href":"https:\/\/zivic-elektro.com\/index.php?rest_route=\/wp\/v2\/product"}],"about":[{"href":"https:\/\/zivic-elektro.com\/index.php?rest_route=\/wp\/v2\/types\/product"}],"replies":[{"embeddable":true,"href":"https:\/\/zivic-elektro.com\/index.php?rest_route=%2Fwp%2Fv2%2Fcomments&post=7551"}],"wp:featuredmedia":[{"embeddable":true,"href":"https:\/\/zivic-elektro.com\/index.php?rest_route=\/wp\/v2\/media\/7552"}],"wp:attachment":[{"href":"https:\/\/zivic-elektro.com\/index.php?rest_route=%2Fwp%2Fv2%2Fmedia&parent=7551"}],"wp:term":[{"taxonomy":"product_brand","embeddable":true,"href":"https:\/\/zivic-elektro.com\/index.php?rest_route=%2Fwp%2Fv2%2Fproduct_brand&post=7551"},{"taxonomy":"product_cat","embeddable":true,"href":"https:\/\/zivic-elektro.com\/index.php?rest_route=%2Fwp%2Fv2%2Fproduct_cat&post=7551"},{"taxonomy":"product_tag","embeddable":true,"href":"https:\/\/zivic-elektro.com\/index.php?rest_route=%2Fwp%2Fv2%2Fproduct_tag&post=7551"}],"curies":[{"name":"wp","href":"https:\/\/api.w.org\/{rel}","templated":true}]}}